e
Is 21457 composite?
True
Is 229871 a prime number?
False
Is 46391 a composite number?
True
Is 145 a prime number?
False
Is 10193 composite?
False
Is 4201 a composite number?
False
Is 3713 a prime number?
False
Is 172963 composite?
True
Is 211297 a prime number?
True
Is 107021 composite?
False
Is 2203 composite?
False
Is 489 composite?
True
Is 347801 a composite number?
False
Is 61939 a composite number?
True
Is 209021 a composite number?
False
Is 138857 prime?
False
Is 125053 a prime number?
True
Is 445 a prime number?
False
Is 132565 prime?
False
Is 289099 prime?
True
Is 20887 prime?
True
Is 347801 prime?
True
Is 20327 prime?
True
Is 12179 composite?
True
Is 1543 composite?
False
Is 1939 composite?
True
Is 34849 composite?
False
Is 68261 composite?
False
Is 1364897 a prime number?
True
Is 535063 prime?
False
Is 7061 a prime number?
False
Is 225257 a prime number?
True
Is 5273 a composite number?
False
Is 72866 a composite number?
True
Is 195389 composite?
False
Is 3061 a prime number?
True
Is 290347 prime?
True
Is 124547 prime?
False
Is 11633 a composite number?
False
Is 2741 composite?
False
Is 150663 a composite number?
True
Is 8663 composite?
False
Is 87103 prime?
True
Is 17401 a composite number?
False
Is 371 a composite number?
True
Is 34973 a prime number?
False
Is 125227 a prime number?
False
Is 23849 a prime number?
False
Is 127 a composite number?
False
Is 14909 a prime number?
False
Is 219277 a prime number?
True
Is 1412926 a prime number?
False
Is 32309 composite?
False
Is 69373 composite?
True
Is 318993 a prime number?
False
Is 2638 prime?
False
Is 15193 a prime number?
True
Is 5195 composite?
True
Is 111253 a prime number?
True
Is 5261 a composite number?
False
Is 70271 a prime number?
True
Is 987499 composite?
True
Is 1311899 a composite number?
False
Is 235 a prime number?
False
Is 197867 a prime number?
False
Is 33199 composite?
False
Is 308611 a composite number?
True
Is 307351 prime?
False
Is 6385 a composite number?
True
Is 10765 prime?
False
Is 210379 prime?
False
Is 86477 a composite number?
False
Is 140573 composite?
True
Is 1535 composite?
True
Is 7499 prime?
True
Is 189491 prime?
True
Is 3596989 prime?
False
Is 6290837 a prime number?
False
Is 91867 a prime number?
True
Is 2159 a prime number?
False
Is 335107 a composite number?
False
Is 3952085 a prime number?
False
Is 69143 composite?
False
Is 309841 composite?
True
Is 92269 prime?
True
Is 667 composite?
True
Is 44003 a prime number?
False
Is 2427 prime?
False
Is 108923 a composite number?
False
Is 28103 prime?
False
Is 5923 a prime number?
True
Is 44539 a prime number?
False
Is 5317 a composite number?
True
Is 743 composite?
False
Is 17401 prime?
True
Is 188373 composite?
True
Is 110083 a composite number?
False
Is 466 composite?
True
Is 94613 composite?
False
Is 123393 composite?
True
Is 727409 a composite number?
False
Is 21709 a composite number?
True
Is 53437 composite?
False
Is 965949 composite?
True
Is 21869 a prime number?
False
Is 65497 prime?
True
Is 29383 composite?
False
Is 11597 composite?
False
Is 39067 a composite number?
True
Is 297757 composite?
False
Is 86747 prime?
False
Is 503 a prime number?
True
Is 3974 prime?
False
Is 7349 composite?
False
Is 44249 a prime number?
True
Is 113717 prime?
True
Is 42659 a composite number?
True
Is 3697 a prime number?
True
Is 312881 composite?
True
Is 19121 composite?
False
Is 57601 prime?
True
Is 74747 prime?
True
Is 1892329 prime?
True
Is 21763 a prime number?
False
Is 2819 composite?
False
Is 126541 composite?
False
Is 4283 a prime number?
True
Is 49 prime?
False
Is 39293 a composite number?
False
Is 26903 prime?
True
Is 14633 a composite number?
False
Is 2861 a composite number?
False
Is 1943 composite?
True
Is 1635211 a prime number?
False
Is 287 a prime number?
False
Is 5342 a composite number?
True
Is 7295 prime?
False
Is 1069 composite?
False
Is 22421 composite?
True
Is 24517 a composite number?
False
Is 39251 a prime number?
True
Is 2521 prime?
True
Is 5433553 composite?
False
Is 4721 prime?
True
Is 7619 prime?
False
Is 20143 a composite number?
False
Is 1173839 a composite number?
True
Is 2183 a composite number?
True
Is 501395 a prime number?
False
Is 576613 composite?
False
Is 57943 prime?
True
Is 8353 composite?
False
Is 50497 composite?
False
Is 3449 composite?
False
Is 144103 composite?
False
Is 7057 a composite number?
False
Is 513593 prime?
True
Is 336263 composite?
False
Is 11962 prime?
False
Is 508483 a composite number?
True
Is 28949 prime?
True
Is 2761 prime?
False
Is 692141 a composite number?
False
Is 1709 a prime number?
True
Is 8413 a composite number?
True
Is 142501 composite?
False
Is 50017 a composite number?
True
Is 11771 a composite number?
True
Is 1634837 composite?
False
Is 31235 composite?
True
Is 128989 prime?
False
Is 444183 prime?
False
Is 2722173 prime?
False
Is 1293899 a composite number?
False
Is 5623 composite?
False
Is 73673 prime?
True
Is 17903 prime?
True
Is 4757269 a composite number?
True
Is 89398 prime?
False
Is 73913 a prime number?
False
Is 3503 prime?
False
Is 38593 a composite number?
False
Is 5471 prime?
True
Is 721759 prime?
False
Is 6189 composite?
True
Is 825919 a prime number?
True
Is 1905763 a prime number?
False
Is 19589 composite?
True
Is 9661 a composite number?
False
Is 111173 composite?
True
Is 64567 prime?
True
Is 1361 prime?
True
Is 3031207 a prime number?
False
Is 19631 a prime number?
False
Is 64973 a composite number?
True
Is 1909 composite?
True
Is 5183 composite?
True
Is 98885 a prime number?
False
Is 2655727 a composite number?
False
Is 15 composite?
True
Is 6323 prime?
True
Is 336823 a composite number?
False
Is 10243 a composite number?
False
Is 1774723 composite?
False
Is 25427 composite?
True
Is 1158233 prime?
False
Is 364721 prime?
False
Is 817 a composite number?
True
Is 189281 prime?
False
Is 46049 a composite number?
False
Is 126001 a composite number?
False
Is 57773 a composite number?
False
Is 15991 a composite number?
False
Is 123949 prime?
False
Is 263803 a prime number?
True
Is 12809 composite?
False
Is 28349 a prime number?
True
Is 10559 prime?
True
Is 19267 a prime number?
True
Is 18317 prime?
False
Is 26027 a prime number?
False
Is 8059 prime?
True
Is 1211 a prime number?
False
Is 4561 prime?
True
Is 541 a prime number?
True
Is 11107 composite?
True
Is 793105 prime?
False
Is 27041 a composite number?
True
Is 196067 a composite number?
True
Is 16699 a composite number?
False
Is 1273483 composite?
False
Is 25391 composite?
False
Is 29773 composite?
True
Is 47737 a prime number?
True
Is 968419 a composite number?
False
Is 14071 a prime number?
True
Is 15259 a prime number?
True
Is 18661 a composite number?
False
Is 13367 a prime number?
True
Is 2312513 prime?
False
Is 185 a prime number?
False
Is 7283 a composite number?
False
Is 12891 prime?
False
Is 31241 composite?
True
Is 242237 composite?
True
Is 157 a prime number?
True
Is 11777 a composite number?
False
Is 26489 a prime number?
True
Is 368365 a composite number?
True
Is 39659 a composite number?
False
Is 242615 a composite number?
True
Is 587 a prime number?
True
Is 32083 composite?
False
Is 41183 a composite number?
False
Is 8501 composite?
False
Is 3593 a composite number?
False
Is 10513 composite?
False
Is 57311 composite?
True
Is 4964461 a prime number?
True
Is 193393 a prime number?
True
Is 176609 a composite number?
False
Is 298673 prime?
False
Is 118861 composite?
False
Is 1839347 prime?
True
Is 5449 prime?
True
Is 430411 prime?
True
Is 29059 prime?
True
Is 24469 a prime number?
True
Is 422689 prime?
True
Is 28537 a prime number?
True
Is 173905 prime?
False
Is 47581 a prime number?
True
Is 54647 composite?
False
Is 46582 prime?
False
Is 15131 a prime number?
True
Is 11053 prime?
False
Is 1970573 composite?
True
Is 6805 a prime number?
False
Is 490661 composite?
False
Is 4417 a composite number?
True
Is 468005 prime?
False
Is 15833 composite?
True
Is 495587 prime?
True
Is 201143 a composite number?
True
Is 4393 composite?
True
Is 90653 a prime number?
False
Is 977 composite?
False
Is 70867 a prime number?
True
Is 128209 a prime number?
False
Is 3791 a prime number?
False
Is 782267 a prime number?
True
Is 1695335 prime?
False
Is 26539 composite?
False
Is 23269 a com